{"id":215,"date":"2018-07-27T08:32:14","date_gmt":"2018-07-27T08:32:14","guid":{"rendered":"http:\/\/www.wcbidety2v1.cz\/?page_id=215"},"modified":"2020-05-10T08:10:47","modified_gmt":"2020-05-10T08:10:47","slug":"jak-bezpecne-nakupovat","status":"publish","type":"page","link":"https:\/\/www.wcbidety2v1.cz\/index.php\/jak-bezpecne-nakupovat\/","title":{"rendered":"Jak bezpe\u010dn\u011b nakupovat"},"content":{"rendered":"<p>[et_pb_section fb_built=&#8220;1&#8243; admin_label=&#8220;section&#8220; _builder_version=&#8220;3.22&#8243;][et_pb_row admin_label=&#8220;row&#8220; _builder_version=&#8220;3.25&#8243; background_size=&#8220;initial&#8220; background_position=&#8220;top_left&#8220; background_repeat=&#8220;repeat&#8220; column_structure=&#8220;1_2,1_2&#8243;][et_pb_column type=&#8220;1_2&#8243; _builder_version=&#8220;3.25&#8243; custom_padding=&#8220;|||&#8220; custom_padding__hover=&#8220;|||&#8220;][et_pb_text admin_label=&#8220;Text&#8220; _builder_version=&#8220;4.2.2&#8243; background_size=&#8220;initial&#8220; background_position=&#8220;top_left&#8220; background_repeat=&#8220;repeat&#8220; hover_enabled=&#8220;0&#8243; border_width_all=&#8220;1px&#8220; custom_padding=&#8220;5px|5px|5px|5px|false|false&#8220;]<\/p>\n<p><b>JEDNODUCH\u00dd PR\u016eVODCE N\u00c1KUPEM NA E-SHOPU.<\/b><\/p>\n<p><b>Samotn\u00fd n\u00e1kup je velmi jednoduch\u00fd a funguje jako ve standardn\u00edm e-shopu.<\/b><\/p>\n<ul>\n<li>Zbo\u017e\u00ed si vlo\u017e\u00edte do KO\u0160\u00cdKU prost\u0159ednictv\u00edm tla\u010d\u00edtka P\u0158IDAT DO KO\u0160\u00cdKU, kter\u00e9 najdete u ka\u017ed\u00e9ho v\u00fdrobku.<\/li>\n<li>Pod popisem zbo\u017e\u00ed je &#8222;Zbo\u017e\u00ed, kter\u00e9 by se v\u00e1m mohlo l\u00edbit&#8230;.Zde naleznete sed\u00e1tka vhodn\u00e1 k dan\u00e9mu typu WC+bidet 2v1 a dal\u0161\u00ed zbo\u017e\u00ed, kter\u00e9 by se v\u00e1m mohlo hodit<\/li>\n<li>zvolte si dopravu nebo osobn\u00ed odb\u011br<\/li>\n<\/ul>\n<p>Po vybr\u00e1n\u00ed zbo\u017e\u00ed postupujte k volb\u011b platby a dopravy a dokon\u010dete objedn\u00e1vku.<\/p>\n<p>V\u0161eobecn\u00e9 obchodn\u00ed podm\u00ednky naleznete <strong><a href=\"https:\/\/www.wcbidety2v1.cz\/index.php\/obchodni-podminky\/\">ZDE.<\/a><\/strong><\/p>\n<p><strong><\/strong><\/p>\n<p>&nbsp;<\/p>\n<p>[\/et_pb_text][\/et_pb_column][et_pb_column type=&#8220;1_2&#8243; _builder_version=&#8220;3.25&#8243; custom_padding=&#8220;|||&#8220; custom_padding__hover=&#8220;|||&#8220;][et_pb_text _builder_version=&#8220;4.2.2&#8243; hover_enabled=&#8220;0&#8243; border_width_all=&#8220;1px&#8220; custom_padding=&#8220;5px|5px|5px|5px|false|false&#8220;]<\/p>\n<p>V p\u0159\u00edpad\u011b, \u017ee vol\u00edte zasl\u00e1n\u00ed zbo\u017e\u00ed p\u0159epravn\u00ed spole\u010dnost\u00ed, pros\u00edme, <strong>ZKONTROLUJTE ZBO\u017d\u00cd IHNED PO P\u0158EVZET\u00cd! V P\u0158\u00cdPAD\u011a PO\u0160KOZEN\u00cd Z\u00c1SILKY NEP\u0158EB\u00cdREJTE ZBO\u017d\u00cd. ZA\u0160LEME V\u00c1M BEZPROST\u0158EDN\u011a NOV\u00dd KUS!!!!!<\/strong><\/p>\n<p>Nemus\u00edte nic nahla\u0161ovat, nem\u00e1te \u017e\u00e1dnou starost. Reklamaci vy\u0159\u00edd\u00edme sami.<\/p>\n<p>Reklamace: Za sv\u00fdmi produkty si stoj\u00edme. Jsme na trhu v\u00edce ne\u017e 10 let. Prodali jsme des\u00edtky tis\u00edc kus\u016f a s minimem reklamac\u00ed (pod 1%). P\u0159esto v p\u0159\u00edpad\u011b, \u017ee byste byli s \u010d\u00edmkoliv nespokojeni, jsme v\u00e1m k dispozici.<\/p>\n<p>Z\u00e1ruka na v\u00fdrobky CREAVIT je 12 let.<\/p>\n<p>Podrobn\u00fd postup reklamac\u00ed \u010di vr\u00e1cen\u00ed zbo\u017e\u00ed v OP <a href=\"https:\/\/www.wcbidety2v1.cz\/index.php\/obchodni-podminky\/\"><strong>ZDE<\/strong><\/a>:<\/p>\n<p>Pokud pot\u0159ebujete,\u00a0 nev\u00e1hejte n\u00e1s kontaktovat na tel. \u010d\u00edsle 606 250 094, 606 062 043 nebo e-mail info@archadie.cz.<\/p>\n<p>R\u00e1di V\u00e1m porad\u00edme.<\/p>\n<p>t\u00fdm ARCHADIE s.r.o.<\/p>\n<p>[\/et_pb_text][\/et_pb_column][\/et_pb_row][\/et_pb_section]<\/p>\n","protected":false},"excerpt":{"rendered":"<p>JEDNODUCH\u00dd PR\u016eVODCE N\u00c1KUPEM NA E-SHOPU. Samotn\u00fd n\u00e1kup je velmi jednoduch\u00fd a funguje jako ve standardn\u00edm e-shopu. Zbo\u017e\u00ed si vlo\u017e\u00edte do KO\u0160\u00cdKU prost\u0159ednictv\u00edm tla\u010d\u00edtka P\u0158IDAT DO KO\u0160\u00cdKU, kter\u00e9 najdete u ka\u017ed\u00e9ho v\u00fdrobku. Pod popisem zbo\u017e\u00ed je &#8222;Zbo\u017e\u00ed, kter\u00e9 by se v\u00e1m mohlo l\u00edbit&#8230;.Zde naleznete sed\u00e1tka vhodn\u00e1 k dan\u00e9mu typu WC+bidet 2v1 a dal\u0161\u00ed zbo\u017e\u00ed, kter\u00e9 by [&hellip;]<\/p>\n","protected":false},"author":1,"featured_media":0,"parent":0,"menu_order":0,"comment_status":"closed","ping_status":"closed","template":"","meta":{"_et_pb_use_builder":"on","_et_pb_old_content":"<b>JEDNODUCH\u00dd PR\u016eVODCE N\u00c1KUPEM NA E-SHOPU.<\/b>\r\n\r\n<b>Samotn\u00fd n\u00e1kup je velmi jednoduch\u00fd a funguje jako ve standardn\u00edm e-shopu.<\/b>\r\n<ul>\r\n \t<li>Zbo\u017e\u00ed si vlo\u017e\u00edte do KO\u0160\u00cdKU prost\u0159ednictv\u00edm tla\u010d\u00edtka P\u0158IDAT DO KO\u0160\u00cdKU, kter\u00e9 najdete u ka\u017ed\u00e9ho v\u00fdrobku.<\/li>\r\n \t<li>Pod popisem zbo\u017e\u00ed je \"Zbo\u017e\u00ed, kter\u00e9 by se v\u00e1m mohlo l\u00edbit....Zde naleznete sed\u00e1tka vhodn\u00e1 k dan\u00e9mu typu WC+bidet 2v1 a dal\u0161\u00ed zbo\u017e\u00ed, kter\u00e9 by se v\u00e1m mohlo hodit<\/li>\r\n \t<li>zvolte si dopravu nebo osobn\u00ed odb\u011br<\/li>\r\n<\/ul>\r\nPo vybr\u00e1n\u00ed zbo\u017e\u00ed postupujte k volb\u011b platby a dopravy a dokon\u010dete objedn\u00e1vku.\r\n\r\nV\u0161eobecn\u00e9 obchodn\u00ed podm\u00ednky naleznete ZDE.\r\n\r\nV p\u0159\u00edpad\u011b, \u017ee vol\u00edte zasl\u00e1n\u00ed zbo\u017e\u00ed p\u0159epravn\u00ed spole\u010dnost\u00ed, pros\u00edme, ZKONTROLUJTE ZBO\u017d\u00cd IHNED PO P\u0158EVZET\u00cd! V P\u0158\u00cdPAD\u011a PO\u0160KOZEN\u00cd Z\u00c1SILKY NEP\u0158EB\u00cdREJTE ZBO\u017d\u00cd. ZA\u0160LEME V\u00c1M BEZPROST\u0158EDN\u011a NOV\u00dd KUS!!!!!\r\n\r\nNemus\u00edte nic nahla\u0161ovat, nem\u00e1te \u017e\u00e1dnou starost. Reklamaci vy\u0159\u00edd\u00edme sami.\r\n\r\nReklamace: Za sv\u00fdmi produkty si stoj\u00edme. Jsme na trhu v\u00edce ne\u017e 10 let. Prodali jsme des\u00edtky tis\u00edc kus\u016f a s minimem reklamac\u00ed (pod 1%). P\u0159esto v p\u0159\u00edpad\u011b, \u017ee byste byli s \u010d\u00edmkoliv nespokojeni, jsme v\u00e1m k dispozici.\r\n\r\nZ\u00e1ruka na v\u00fdrobky CREAVIT je 12 let.\r\n\r\nPodrobn\u00fd postup reklamac\u00ed \u010di vr\u00e1cen\u00ed zbo\u017e\u00ed v OP ZDE:\r\n\r\nPokud pot\u0159ebujete,\u00a0 nev\u00e1hejte n\u00e1s kontaktovat na tel. \u010d\u00edsle 606 250 094, 606 062 043 nebo e-mail info@archadie.cz.\r\n\r\nR\u00e1di V\u00e1m porad\u00edme.\r\n\r\nt\u00fdm ARCHADIE s.r.o.","_et_gb_content_width":"","jetpack_post_was_ever_published":false,"footnotes":""},"class_list":["post-215","page","type-page","status-publish","hentry"],"yoast_head":"<!-- This site is optimized with the Yoast SEO plugin v27.4 - https:\/\/yoast.com\/product\/yoast-seo-wordpress\/ -->\n<title>Jak bezpe\u010dn\u011b nakupovat - WC bidety 2v1<\/title>\n<meta name=\"robots\" content=\"index, follow, max-snippet:-1, max-image-preview:large, max-video-preview:-1\" \/>\n<link rel=\"canonical\" href=\"https:\/\/www.wcbidety2v1.cz\/index.php\/jak-bezpecne-nakupovat\/\" \/>\n<meta property=\"og:locale\" content=\"cs_CZ\" \/>\n<meta property=\"og:type\" content=\"article\" \/>\n<meta property=\"og:title\" content=\"Jak bezpe\u010dn\u011b nakupovat - WC bidety 2v1\" \/>\n<meta property=\"og:description\" content=\"JEDNODUCH\u00dd PR\u016eVODCE N\u00c1KUPEM NA E-SHOPU. Samotn\u00fd n\u00e1kup je velmi jednoduch\u00fd a funguje jako ve standardn\u00edm e-shopu. Zbo\u017e\u00ed si vlo\u017e\u00edte do KO\u0160\u00cdKU prost\u0159ednictv\u00edm tla\u010d\u00edtka P\u0158IDAT DO KO\u0160\u00cdKU, kter\u00e9 najdete u ka\u017ed\u00e9ho v\u00fdrobku. Pod popisem zbo\u017e\u00ed je &quot;Zbo\u017e\u00ed, kter\u00e9 by se v\u00e1m mohlo l\u00edbit....Zde naleznete sed\u00e1tka vhodn\u00e1 k dan\u00e9mu typu WC+bidet 2v1 a dal\u0161\u00ed zbo\u017e\u00ed, kter\u00e9 by [&hellip;]\" \/>\n<meta property=\"og:url\" content=\"https:\/\/www.wcbidety2v1.cz\/index.php\/jak-bezpecne-nakupovat\/\" \/>\n<meta property=\"og:site_name\" content=\"WC bidety 2v1\" \/>\n<meta property=\"article:publisher\" content=\"https:\/\/www.facebook.com\/WC-bidety-2v1-105518807832290\/?modal=admin_todo_tour\" \/>\n<meta property=\"article:modified_time\" content=\"2020-05-10T08:10:47+00:00\" \/>\n<meta name=\"twitter:card\" content=\"summary_large_image\" \/>\n<meta name=\"twitter:label1\" content=\"Odhadovan\u00e1 doba \u010dten\u00ed\" \/>\n\t<meta name=\"twitter:data1\" content=\"2 minuty\" \/>\n<script type=\"application\/ld+json\" class=\"yoast-schema-graph\">{\"@context\":\"https:\\\/\\\/schema.org\",\"@graph\":[{\"@type\":\"WebPage\",\"@id\":\"https:\\\/\\\/www.wcbidety2v1.cz\\\/index.php\\\/jak-bezpecne-nakupovat\\\/\",\"url\":\"https:\\\/\\\/www.wcbidety2v1.cz\\\/index.php\\\/jak-bezpecne-nakupovat\\\/\",\"name\":\"Jak bezpe\u010dn\u011b nakupovat - WC bidety 2v1\",\"isPartOf\":{\"@id\":\"https:\\\/\\\/www.wcbidety2v1.cz\\\/#website\"},\"datePublished\":\"2018-07-27T08:32:14+00:00\",\"dateModified\":\"2020-05-10T08:10:47+00:00\",\"breadcrumb\":{\"@id\":\"https:\\\/\\\/www.wcbidety2v1.cz\\\/index.php\\\/jak-bezpecne-nakupovat\\\/#breadcrumb\"},\"inLanguage\":\"cs\",\"potentialAction\":[{\"@type\":\"ReadAction\",\"target\":[\"https:\\\/\\\/www.wcbidety2v1.cz\\\/index.php\\\/jak-bezpecne-nakupovat\\\/\"]}]},{\"@type\":\"BreadcrumbList\",\"@id\":\"https:\\\/\\\/www.wcbidety2v1.cz\\\/index.php\\\/jak-bezpecne-nakupovat\\\/#breadcrumb\",\"itemListElement\":[{\"@type\":\"ListItem\",\"position\":1,\"name\":\"Dom\u016f\",\"item\":\"https:\\\/\\\/www.wcbidety2v1.cz\\\/\"},{\"@type\":\"ListItem\",\"position\":2,\"name\":\"Jak bezpe\u010dn\u011b nakupovat\"}]},{\"@type\":\"WebSite\",\"@id\":\"https:\\\/\\\/www.wcbidety2v1.cz\\\/#website\",\"url\":\"https:\\\/\\\/www.wcbidety2v1.cz\\\/\",\"name\":\"WC bidety 2v1 - WC bidet v jednom - bidetov\u00e1 tryska p\u0159\u00edmo v toalet\u011b\",\"description\":\"WC bidet v jednom, revolu\u010dn\u00ed propojen\u00ed wc a bidetu, bidetov\u00e1 tryska p\u0159\u00edmo v keramick\u00e9m l\u00edmci toalety.\",\"publisher\":{\"@id\":\"https:\\\/\\\/www.wcbidety2v1.cz\\\/#organization\"},\"potentialAction\":[{\"@type\":\"SearchAction\",\"target\":{\"@type\":\"EntryPoint\",\"urlTemplate\":\"https:\\\/\\\/www.wcbidety2v1.cz\\\/?s={search_term_string}\"},\"query-input\":{\"@type\":\"PropertyValueSpecification\",\"valueRequired\":true,\"valueName\":\"search_term_string\"}}],\"inLanguage\":\"cs\"},{\"@type\":\"Organization\",\"@id\":\"https:\\\/\\\/www.wcbidety2v1.cz\\\/#organization\",\"name\":\"ARCHADIE s.r.o.\",\"url\":\"https:\\\/\\\/www.wcbidety2v1.cz\\\/\",\"logo\":{\"@type\":\"ImageObject\",\"inLanguage\":\"cs\",\"@id\":\"https:\\\/\\\/www.wcbidety2v1.cz\\\/#\\\/schema\\\/logo\\\/image\\\/\",\"url\":\"https:\\\/\\\/www.wcbidety2v1.cz\\\/wp-content\\\/uploads\\\/2018\\\/06\\\/logo.png\",\"contentUrl\":\"https:\\\/\\\/www.wcbidety2v1.cz\\\/wp-content\\\/uploads\\\/2018\\\/06\\\/logo.png\",\"width\":140,\"height\":140,\"caption\":\"ARCHADIE s.r.o.\"},\"image\":{\"@id\":\"https:\\\/\\\/www.wcbidety2v1.cz\\\/#\\\/schema\\\/logo\\\/image\\\/\"},\"sameAs\":[\"https:\\\/\\\/www.facebook.com\\\/WC-bidety-2v1-105518807832290\\\/?modal=admin_todo_tour\",\"https:\\\/\\\/www.instagram.com\\\/wc_bidet_2v1\\\/\"]}]}<\/script>\n<!-- \/ Yoast SEO plugin. -->","yoast_head_json":{"title":"Jak bezpe\u010dn\u011b nakupovat - WC bidety 2v1","robots":{"index":"index","follow":"follow","max-snippet":"max-snippet:-1","max-image-preview":"max-image-preview:large","max-video-preview":"max-video-preview:-1"},"canonical":"https:\/\/www.wcbidety2v1.cz\/index.php\/jak-bezpecne-nakupovat\/","og_locale":"cs_CZ","og_type":"article","og_title":"Jak bezpe\u010dn\u011b nakupovat - WC bidety 2v1","og_description":"JEDNODUCH\u00dd PR\u016eVODCE N\u00c1KUPEM NA E-SHOPU. Samotn\u00fd n\u00e1kup je velmi jednoduch\u00fd a funguje jako ve standardn\u00edm e-shopu. Zbo\u017e\u00ed si vlo\u017e\u00edte do KO\u0160\u00cdKU prost\u0159ednictv\u00edm tla\u010d\u00edtka P\u0158IDAT DO KO\u0160\u00cdKU, kter\u00e9 najdete u ka\u017ed\u00e9ho v\u00fdrobku. Pod popisem zbo\u017e\u00ed je \"Zbo\u017e\u00ed, kter\u00e9 by se v\u00e1m mohlo l\u00edbit....Zde naleznete sed\u00e1tka vhodn\u00e1 k dan\u00e9mu typu WC+bidet 2v1 a dal\u0161\u00ed zbo\u017e\u00ed, kter\u00e9 by [&hellip;]","og_url":"https:\/\/www.wcbidety2v1.cz\/index.php\/jak-bezpecne-nakupovat\/","og_site_name":"WC bidety 2v1","article_publisher":"https:\/\/www.facebook.com\/WC-bidety-2v1-105518807832290\/?modal=admin_todo_tour","article_modified_time":"2020-05-10T08:10:47+00:00","twitter_card":"summary_large_image","twitter_misc":{"Odhadovan\u00e1 doba \u010dten\u00ed":"2 minuty"},"schema":{"@context":"https:\/\/schema.org","@graph":[{"@type":"WebPage","@id":"https:\/\/www.wcbidety2v1.cz\/index.php\/jak-bezpecne-nakupovat\/","url":"https:\/\/www.wcbidety2v1.cz\/index.php\/jak-bezpecne-nakupovat\/","name":"Jak bezpe\u010dn\u011b nakupovat - WC bidety 2v1","isPartOf":{"@id":"https:\/\/www.wcbidety2v1.cz\/#website"},"datePublished":"2018-07-27T08:32:14+00:00","dateModified":"2020-05-10T08:10:47+00:00","breadcrumb":{"@id":"https:\/\/www.wcbidety2v1.cz\/index.php\/jak-bezpecne-nakupovat\/#breadcrumb"},"inLanguage":"cs","potentialAction":[{"@type":"ReadAction","target":["https:\/\/www.wcbidety2v1.cz\/index.php\/jak-bezpecne-nakupovat\/"]}]},{"@type":"BreadcrumbList","@id":"https:\/\/www.wcbidety2v1.cz\/index.php\/jak-bezpecne-nakupovat\/#breadcrumb","itemListElement":[{"@type":"ListItem","position":1,"name":"Dom\u016f","item":"https:\/\/www.wcbidety2v1.cz\/"},{"@type":"ListItem","position":2,"name":"Jak bezpe\u010dn\u011b nakupovat"}]},{"@type":"WebSite","@id":"https:\/\/www.wcbidety2v1.cz\/#website","url":"https:\/\/www.wcbidety2v1.cz\/","name":"WC bidety 2v1 - WC bidet v jednom - bidetov\u00e1 tryska p\u0159\u00edmo v toalet\u011b","description":"WC bidet v jednom, revolu\u010dn\u00ed propojen\u00ed wc a bidetu, bidetov\u00e1 tryska p\u0159\u00edmo v keramick\u00e9m l\u00edmci toalety.","publisher":{"@id":"https:\/\/www.wcbidety2v1.cz\/#organization"},"potentialAction":[{"@type":"SearchAction","target":{"@type":"EntryPoint","urlTemplate":"https:\/\/www.wcbidety2v1.cz\/?s={search_term_string}"},"query-input":{"@type":"PropertyValueSpecification","valueRequired":true,"valueName":"search_term_string"}}],"inLanguage":"cs"},{"@type":"Organization","@id":"https:\/\/www.wcbidety2v1.cz\/#organization","name":"ARCHADIE s.r.o.","url":"https:\/\/www.wcbidety2v1.cz\/","logo":{"@type":"ImageObject","inLanguage":"cs","@id":"https:\/\/www.wcbidety2v1.cz\/#\/schema\/logo\/image\/","url":"https:\/\/www.wcbidety2v1.cz\/wp-content\/uploads\/2018\/06\/logo.png","contentUrl":"https:\/\/www.wcbidety2v1.cz\/wp-content\/uploads\/2018\/06\/logo.png","width":140,"height":140,"caption":"ARCHADIE s.r.o."},"image":{"@id":"https:\/\/www.wcbidety2v1.cz\/#\/schema\/logo\/image\/"},"sameAs":["https:\/\/www.facebook.com\/WC-bidety-2v1-105518807832290\/?modal=admin_todo_tour","https:\/\/www.instagram.com\/wc_bidet_2v1\/"]}]}},"jetpack_sharing_enabled":true,"jetpack_shortlink":"https:\/\/wp.me\/P9Ptim-3t","_links":{"self":[{"href":"https:\/\/www.wcbidety2v1.cz\/index.php\/wp-json\/wp\/v2\/pages\/215","targetHints":{"allow":["GET"]}}],"collection":[{"href":"https:\/\/www.wcbidety2v1.cz\/index.php\/wp-json\/wp\/v2\/pages"}],"about":[{"href":"https:\/\/www.wcbidety2v1.cz\/index.php\/wp-json\/wp\/v2\/types\/page"}],"author":[{"embeddable":true,"href":"https:\/\/www.wcbidety2v1.cz\/index.php\/wp-json\/wp\/v2\/users\/1"}],"replies":[{"embeddable":true,"href":"https:\/\/www.wcbidety2v1.cz\/index.php\/wp-json\/wp\/v2\/comments?post=215"}],"version-history":[{"count":3,"href":"https:\/\/www.wcbidety2v1.cz\/index.php\/wp-json\/wp\/v2\/pages\/215\/revisions"}],"predecessor-version":[{"id":2308,"href":"https:\/\/www.wcbidety2v1.cz\/index.php\/wp-json\/wp\/v2\/pages\/215\/revisions\/2308"}],"wp:attachment":[{"href":"https:\/\/www.wcbidety2v1.cz\/index.php\/wp-json\/wp\/v2\/media?parent=215"}],"curies":[{"name":"wp","href":"https:\/\/api.w.org\/{rel}","templated":true}]}}